220332
In base 4, what is 333311311 - -11?
333311322
In base 6, what is -1211251 + 11?
-1211240
In base 3, what is -21212 + 11110011?
11011022
In base 8, what is 7 - -101536?
101545
In base 3, what is 100220110 + 11211?
101002021
In base 5, what is 33 - 20321?
-20233
In base 10, what is 5 + -49858?
-49853
In base 7, what is 0 - -110212?
110212
In base 8, what is -235 - 1363?
-1620
In base 4, what is 2 + -31203210?
-31203202
In base 9, what is 125 - -34?
160
In base 3, what is 1021 - -10100?
11121
In base 7, what is -31 + -12034?
-12065
In base 2, what is 1 - 10111000110110?
-10111000110101
In base 3, what is -2012011110 + 12?
-2012011021
In base 15, what is 6 + 196d3?
196d9
In base 13, what is -54 + 929?
8a5
In base 15, what is 13 - -341c7?
341da
In base 13, what is -38 - -1083?
1048
In base 8, what is -5522 + -5?
-5527
In base 4, what is -1122213 - 111?
-1122330
In base 10, what is -703201 + -5?
-703206
In base 6, what is -43 - -10204352?
10204305
In base 8, what is -5 + -217271?
-217276
In base 16, what is 245f9 - -3?
245fc
In base 9, what is 15 + -6338?
-6323
In base 16, what is 1 - 1b5a?
-1b59
In base 12, what is 24087 + 38?
24103
In base 3, what is -12022 - -11102?
-220
In base 16, what is -a4 - -4b?
-59
In base 12, what is 21ab7 + 5?
21b00
In base 12, what is 828 - -591?
11b9
In base 8, what is -5160745 - -5?
-5160740
In base 12, what is a75 + 21?
a96
In base 16, what is -27 + 39?
12
In base 7, what is 24 + -2360645?
-2360621
In base 11, what is 486 + 693?
1069
In base 4, what is 1113212 + 23?
1113301
In base 6, what is -43 + -34511?
-34554
In base 3, what is -22220021010 + -102?
-22220021112
In base 6, what is 31 + 32432?
32503
In base 3, what is 10201 + 111111220?
111122121
In base 3, what is -11102 + -1110100?
-1121202
In base 5, what is -33420 + -33100?
-122020
In base 12, what is -2 - 10983?
-10985
In base 3, what is 2210 + 121201?
201111
In base 15, what is -9dc + 13?
-9c9
In base 12, what is -5a947 - 5?
-5a950
In base 8, what is -1117 - 3534?
-4653
In base 16, what is 19a - 0?
19a
In base 5, what is -114 - 2221443?
-2222112
In base 2, what is 1 - 1010111111101?
-1010111111100
In base 6, what is 21 + 22553?
23014
In base 4, what is -1230202 + -11?
-1230213
In base 3, what is -1212110112 + 102?
-1212110010
In base 13, what is 62 + -267?
-205
In base 4, what is 102103 + 21?
102130
In base 10, what is -3033 - 25?
-3058
In base 10, what is -85 + -1112?
-1197
In base 5, what is -31412 - 1003?
-32420
In base 9, what is -123687 + -5?
-123703
In base 3, what is -1001222 + -1021?
-1010020
In base 2, what is 110101000011 - 100000?
110100100011
In base 5, what is -42 - 2?
-44
In base 5, what is 11031 + -134132?
-123101
In base 10, what is -198 + -11?
-209
In base 10, what is -37068 + 18?
-37050
In base 7, what is -404 + 241?
-133
In base 10, what is -5 - 163706?
-163711
In base 7, what is -3 - 13311?
-13314
In base 12, what is a5 + 3952?
3a37
In base 16, what is d8dc + -3?
d8d9
In base 9, what is 123256 + -6?
123250
In base 3, what is -200001212 + -101?
-200002020
In base 10, what is -2 - 40003?
-40005
In base 3, what is -1022100110112 + 1?
-1022100110111
In base 4, what is 12 + -10011202?
-10011130
In base 15, what is -5 + 2132?
212c
In base 14, what is 9 - -887?
892
In base 12, what is ab72 + -1?
ab71
In base 16, what is 87 - -bead?
bf34
In base 9, what is 1758012 - 8?
1758003
In base 12, what is -8815 - 110?
-8925
In base 4, what is 1102323201 - -11?
1102323212
In base 16, what is -368d + 3?
-368a
In base 10, what is 175333 + 5?
175338
In base 4, what is 1321 + 33210?
101131
In base 10, what is -57 + -1377?
-1434
In base 4, what is 121201 + 1100?
122301
In base 14, what is -10 + -c7b?
-c8b
In base 8, what is 1304 + 1575?
3101
In base 3, what is 2002 + -2021002002?
-2021000000
In base 5, what is 1101133 + 2011?
1103144
In base 3, what is -1 - -12200122210?
12200122202
In base 7, what is 245 + -1240?
-662
In base 11, what is -3769 - -6?
-3763
In base 2, what is -1001011010 - -100011110001?
11010010111
In base 7, what is -3 + -4131254?
-4131260
In base 2, what is -10 - 1001000101111100001?
-1001000101111100011
In base 10, what is -32 - -21369?
21337
In base 15, what is -4c - 5061?
-50ad
In base 2, what is 100101001001001 + -100?
100101001000101
In base 3, what is 21222000110 - -21?
21222000201
In base 14, what is -2 - 21b73?
-21b75
In base 3, what is 112 + 1010122020?
1010122202
In base 4, what is -32020122 + 1?
-32020121
In base 3, what is 22011220 + 100220?
22112210
In base 10, what is 9 - -5386?
5395
In base 5, what is -2343123 - 2?
-2343130
In base 7, what is -45 + 224406?
224331
In base 14, what is -28aa27 + -3?
-28aa2a
In base 15, what is -475a - 0?
-475a
In base 13, what is -c6 - -49?
-7a
In base 8, what is 4625 - 36?
4567
In base 10, what is 1223003 + -4?
1222999
In base 8, what is 1204 + 4604?
6010
In base 14, what is -4bb7 - a?
-4bc3
In base 2, what is -11110010010 + 110000?
-11101100010
In base 2, what is 1100 + -100010000?
-100000100
In base 9, what is 37 - -2057?
2105
In base 5, what is -2443122 + 11?
-2443111
In base 5, what is -31313 + 1130?
-30133
In base 6, what is -105104443 + 3?
-105104440
In base 13, what is -8 + 1c20?
1c15
In base 3, what is -10011002 + 12?
-10010220
In base 9, what is 653732 + 4?
653736
In base 8, what is 11174 + 24?
11220
In base 12, what is -3bb0b4 - -3?
-3bb0b1
In base 14, what is -157 - 8?
-161
In base 5, what is 1141 - -1303031?
1304222
In base 6, what is 13 + 121550?
122003
In base 15, what is 11960 + -5?
1195a
In base 5, what is -3124000 + -11?
-3124011
In base 3, what is 2220 + -222?
1221
In base 5, what is -33142 - 1343?
-40040
In base 10, what is -1 - -514752?
514751
In base 9, what is 4283475 - 4?
4283471
In base 11, what is -514874 + 4?
-514870
In base 2, what is -101101101001011110101110 - -1?
-101101101001011110101101
In base 3, what is 2021 - -22020100?
22022121
In base 13, what is -266a + 4cc?
-216b
In base 15, what is 556b8 - 4?
556b4
In base 12, what is b6344 - 5?
b633b
In base 9, what is -58860 - -37?
-58822
In base 8, what is 107227 + -4?
107223
In base 4, what is 0 + 133131032?
133131032
In base 12, what is -2530 - 36?
-2566
In base 13, what is 50b16 + -18?
50acb
In base 11, what is -103 + -10248?
-10350
In base 6, what is -10342 + 4?
-10334
In base 4, what is 2132212202 + 0?
2132212202
In base 5, what is -3124 + 34?
-3040
In base 10, what is 0 - -147200?
147200
In base 13, what is 4 + 33817?
3381b
In base 4, what is -10 - -3001332?
3001322
In base 15, what is 2 - -338?
33a
In base 3, what is -222002002 + -12002?
-222021011
In base 3, what is -1212201002 - 12002?
-1212220011
In base 14, what is -81842 + 4?
-8183c
In base 4, what is -210 - 11221?
-12031
In base 6, what is 11 + 12335553?
12340004
In base 7, what is 1132054 - -3?
1132060
In base 4, what is 2 - 120000311?
-120000303
In base 5, what is -11343410 + -10?
-11343420
In base 16, what is 13c - 2e44?
-2d08
In base 6, what is -43 + -35205?
-35252
In base 6, what is 120 - 124404?
-124244
In base 3, what is -12101121 - -201?
-12100220
In base 9, what is -1 - 15188?
-15200
In base 15, what is -549 + 290?
-2a9
In base 9, what is -1056 + -1016?
-2073
In base 7, what is -453 - 142?
-625
In base 16, what is 0 - 2dbe2?
-2dbe2
In base 4, what is -333 - 13233332?
-13300331
In base 10, what is -207117 - 4?
-207121
In base 3, what is 10212212012 - 211?
10212211101
In base 7, what is -34513 + -55?
-34601
In base 14, what is -635 - 3?
-638
In base 8, what is -3315 + -500?
-4015
In base 11, what is -8a18 + -12?
-8a2a
In base 3, what is 1010202021 + -11?
1010202010
In base 8, what is 412 + -473?
-61
In base 13, what is -3 + 3b501?
3b4cb
In base 14, what is -812 - -10b?
-705
In base 13, what is 3 - 8887?
-8884
In base 2, what is 10011111000011111000 + -11?
10011111000011110101
In base 5, what is 311203 + 21?
311224
In base 10, what is 682853 + -5?
682848
In base 3, what is 2 + 20101020201?
20101020210
In base 15, what is -11b + -105?
-221
In base 5, what is 2 - 123204?
-123202
In base 15, what is -250cda + 0?
-250cda
In base 8, what is 4142 - 4?
4136
In base 3, what is 11221020221 + 100?
11221021021
In base 4, what is 2 - -332131?
332133
In base 10, what is 3 - -30471?
30474
In base 13, what is 762 + -2026?
-1594
In base 9, what is -1000 - -